{"id":157,"date":"2025-10-08T10:26:54","date_gmt":"2025-10-08T08:26:54","guid":{"rendered":"https:\/\/mojzaufanymentor.pl\/?page_id=157"},"modified":"2025-10-15T10:06:17","modified_gmt":"2025-10-15T08:06:17","slug":"polityka-prywatnosci-2","status":"publish","type":"page","link":"https:\/\/mojzaufanymentor.pl\/index.php\/polityka-prywatnosci-2\/","title":{"rendered":"Polityka prywatno\u015bci"},"content":{"rendered":"\n<p>Niniejsza Polityka Prywatno\u015bci okre\u015bla zasady przetwarzania danych osobowych pozyskanych za po\u015brednictwem Serwisu internetowego https:\/\/mojzaufanymentor.pl (zwanego dalej: \u201eSerwisem Internetowym\u201d).<\/p>\n\n\n\n<ol class=\"wp-block-list\">\n<li>Dane Administratora<br>Administratorem Pa\u0144stwa danych osobowych w rozumieniu RODO jest OLEKSII SIVTSEV, osoba fizyczna nieprowadz\u0105ca dzia\u0142alno\u015bci gospodarczej, zamieszka\u0142y w Katowicach (adres korespondencyjny: ul. Morawska 12b, 40-218 Katowice) (dalej jako: \u201eAdministrator\u201d).<br>W sprawach dotycz\u0105cych ochrony danych osobowych mo\u017cna skontaktowa\u0107 si\u0119 z Administratorem tak\u017ce za po\u015brednictwem adresu e-mail: kontakt@mojzaufanymentor.pl<br>Dane osobowe zbierane przez OLEKSII SIVTSEV, osob\u0119 fizyczn\u0105 nieprowadz\u0105c\u0105 dzia\u0142alno\u015bci gospodarczej, za po\u015brednictwem sklepu internetowego \u201cMoj Zaufany Mentor\u201d, zwanego dalej: Administratorem, przetwarzane s\u0105 zgodnie z Rozporz\u0105dzeniem Parlamentu Europejskiego i Rady (UE) 2016\/679 z dnia 27 kwietnia 2016 r. w sprawie ochrony os\u00f3b fizycznych w zwi\u0105zku z przetwarzaniem danych osobowych i w sprawie swobodnego przep\u0142ywu takich danych oraz uchylenia dyrektywy 95\/46\/WE (og\u00f3lne rozporz\u0105dzenie o ochronie danych), zwanym r\u00f3wnie\u017c RODO.<\/li>\n\n\n\n<li>Cele i podstawy prawne przetwarzania danych<\/li>\n<\/ol>\n\n\n\n<p>Dane osobowe Pa\u0144stwa mog\u0105 by\u0107 przetwarzane przez Administratora na podstawie:<br>a) niezb\u0119dno\u015bci do wykonania umowy lub do podj\u0119cia dzia\u0142a\u0144 przed jej zawarciem (art. 6 ust. 1 lit. b RODO),<br>b) zgody (art. 6 ust. 1 lit. a RODO), w celu prowadzenia marketingu podmiot\u00f3w wsp\u00f3\u0142pracuj\u0105cych z Administratorem;<br>c) prawnie uzasadnionego interesu Administratora (art. 6 ust. 1 lit. f RODO), odr\u0119bnie dla celu:<\/p>\n\n\n\n<ul class=\"wp-block-list\">\n<li>marketingu produkt\u00f3w i us\u0142ug w\u0142asnych Administratora, w tym w celach analitycznych i profilowania, gdzie uzasadnionym interesem Administratora jest prowadzenie marketingu bezpo\u015bredniego w\u0142asnych produkt\u00f3w i us\u0142ug. Profilowanie danych ma na celu przygotowanie oferty produkt\u00f3w uwzgl\u0119dniaj\u0105cej preferencje u\u017cytkownik\u00f3w Serwisu,<br>korzystania z formularzy kontaktowych udost\u0119pnionych przez Administratora Serwisu, gdzie uzasadnionym interesem Administratora jest opieka nad u\u017cytkownikami Serwisu oraz udzielanie odpowiedzi na zadane pytania,<br>obrony przed ewentualnymi roszczeniami, gdzie uzasadnionym interesem Administratora jest dochodzenie lub obrona roszcze\u0144.<\/li>\n<\/ul>\n\n\n\n<ol class=\"wp-block-list\">\n<li>Przekazywanie danych osobowych<br>Dane mog\u0105 by\u0107 przekazane podmiotom przetwarzaj\u0105cym na zlecenie na podstawie um\u00f3w zawartych z Administratorem, ale tylko w celu i zakresie niezb\u0119dnym dla realizacji wymienionych cel\u00f3w, w tym m.in. podmiotom \u015bwiadcz\u0105cym us\u0142ugi informatyczne lub inne us\u0142ugi zapewniaj\u0105ce prawid\u0142owe funkcjonowanie Serwisu, przy czym takie podmioty przetwarzaj\u0105 dane wy\u0142\u0105cznie zgodnie z poleceniami Administratora.<br>Pa\u0144stwa dane przekazywane s\u0105 wy\u0142\u0105cznie podmiotom umiejscowionym w ramach Europejskiego Obszaru Gospodarczego i przez to podlegaj\u0105cym surowym przepisom unijnym o ochronie danych lub takim, kt\u00f3re wi\u0105\u017ce odpowiedni standard bezpiecze\u0144stwa.<\/li>\n\n\n\n<li>Okres przechowywania danych osobowych<br>Dane osobowe Pa\u0144stwa przetwarzane s\u0105 jedynie przez okres niezb\u0119dny do spe\u0142nienia celu ich przechowywania lub dop\u00f3ki jest to wymagane zgodnie z prawem, w szczeg\u00f3lno\u015bci do momentu przedawnienia ewentualnych roszcze\u0144 lub wyga\u015bni\u0119cia obowi\u0105zku archiwizacji wynikaj\u0105cego z przepis\u00f3w prawa, w tym obowi\u0105zku dotycz\u0105cego przechowywania dokument\u00f3w ksi\u0119gowych.<br>W przypadku przetwarzania danych osobowych w celu \u015bwiadczenia us\u0142ugi newsletter, korzystania z formularzy, Pa\u0144stwa dane osobowe b\u0119d\u0105 przetwarzane przez okres niezb\u0119dny do \u015bwiadczenia tej us\u0142ugi, do czasu rezygnacji z niej przez Pa\u0144stwa.<br>W razie przetwarzania danych osobowych w oparciu o wyra\u017con\u0105 przez Pa\u0144stwa zgod\u0119, Pa\u0144stwa dane b\u0119d\u0105 przechowywane do momentu jej wycofania. W ka\u017cdej chwili istnieje mo\u017cliwo\u015b\u0107 wycofania zg\u00f3d wyra\u017conych w serwisie, w tym zgody na przetwarzanie danych w celach marketingowych podmiot\u00f3w wsp\u00f3\u0142pracuj\u0105cych z Administratorem. Odwo\u0142anie zgody na przetwarzanie nie b\u0119dzie mia\u0142o wp\u0142ywu na zgodno\u015b\u0107 z prawem przetwarzania, kt\u00f3rego dokonano przed jej wycofaniem.<br>W przypadku przetwarzania Pa\u0144stwa danych na podstawie prawnie uzasadnionego interesu administratora, Administrator przestanie wcze\u015bniej przetwarza\u0107 dane je\u017celi zg\u0142osi Pani\/Pan skutecznie sprzeciw wobec przetwarzania danych.<\/li>\n\n\n\n<li>Przys\u0142uguj\u0105ce prawa<\/li>\n\n\n\n<li>Prawo dost\u0119pu do danych<br>Maj\u0105 Pa\u0144stwo prawo uzyska\u0107 informacj\u0119 odno\u015bnie przechowywanych przez Administratora danych osobowych na Pa\u0144stwa temat, w tym kopi\u0119 tych danych (art. 15 RODO).<\/li>\n\n\n\n<li>Prawo do sprostowania danych<br>Maj\u0105 Pa\u0144stwo prawo \u017c\u0105dania sprostowania Pa\u0144stwa danych osobowych, kt\u00f3re s\u0105 nieprawid\u0142owe. Z uwzgl\u0119dnieniem cel\u00f3w przetwarzania maj\u0105 Pa\u0144stwo prawo \u017c\u0105dania uzupe\u0142nienia niekompletnych danych osobowych, w tym poprzez przedstawienie dodatkowego o\u015bwiadczenia (art. 16 RODO).<\/li>\n\n\n\n<li>Prawo do usuni\u0119cia danych (art. 17 RODO).<br>Maj\u0105 Pa\u0144stwo prawo domaga\u0107 si\u0119 usuni\u0119cia Pa\u0144stwa danych osobowych przechowywanych przez nas w nast\u0119puj\u0105cych przypadkach:<\/li>\n<\/ol>\n\n\n\n<ul class=\"wp-block-list\">\n<li>Pa\u0144stwa dane osobowe nie s\u0105 ju\u017c niezb\u0119dne do cel\u00f3w, w kt\u00f3rych zosta\u0142y zebrane,<\/li>\n\n\n\n<li>cofn\u0119li\u015bcie Pa\u0144stwo zgod\u0119, na kt\u00f3rej opiera si\u0119 przetwarzanie i nie ma innej podstawy prawnej przetwarzania,<\/li>\n\n\n\n<li>wnie\u015bli\u015bcie Pa\u0144stwo sprzeciw wobec przetwarzania i nie wyst\u0119puj\u0105 nadrz\u0119dne prawnie uzasadnione podstawy przetwarzania lub sprzeciw dotyczy przetwarzania danych w celach marketingu bezpo\u015bredniego,<\/li>\n\n\n\n<li>dane osobowe by\u0142y przetwarzane niezgodnie z prawem,<\/li>\n\n\n\n<li>dane osobowe musz\u0105 zosta\u0107 usuni\u0119te w celu wywi\u0105zania si\u0119 z obowi\u0105zku prawnego przewidzianego w prawie Unii lub prawie krajowym,<\/li>\n\n\n\n<li>dane osobowe zosta\u0142y zebrane w zwi\u0105zku z oferowaniem us\u0142ug spo\u0142ecze\u0144stwa informacyjnego, o kt\u00f3rych mowa w art. 8 ust. 1 RODO.<\/li>\n<\/ul>\n\n\n\n<ol class=\"wp-block-list\">\n<li>Prawo do przenoszenia danych (art. 20 RODO).<br>Maj\u0105 Pa\u0144stwo prawo otrzyma\u0107 w powszechnie u\u017cywanym formacie nadaj\u0105cym si\u0119 do odczytu maszynowego dane osobowe dotycz\u0105ce Pa\u0144stwa, kt\u00f3re zosta\u0142y dostarczone Administratorowi, je\u017celi przetwarzanie tych danych odbywa si\u0119 na podstawie zgody lub umowy oraz w spos\u00f3b zautomatyzowany.<br>Je\u017celi domagaj\u0105 si\u0119 Pa\u0144stwo przes\u0142ania tych danych do innego administratora danych, zostanie to zrealizowane, o ile istnieje taka mo\u017cliwo\u015b\u0107 techniczna.<\/li>\n\n\n\n<li>Prawo ograniczenia przetwarzania danych (art. 18 RODO).<br>Maj\u0105 Pa\u0144stwo prawo za\u017c\u0105da\u0107, aby przetwarzanie Pa\u0144stwa danych osobowych zosta\u0142o ograniczone, w nast\u0119puj\u0105cych przypadkach:<\/li>\n<\/ol>\n\n\n\n<ul class=\"wp-block-list\">\n<li>kwestionuj\u0105 Pa\u0144stwo prawid\u0142owo\u015b\u0107 danych osobowych \u2013 na okres pozwalaj\u0105cy Administratorowi sprawdzi\u0107 prawid\u0142owo\u015b\u0107 tych danych,<\/li>\n\n\n\n<li>przetwarzanie jest niezgodne z prawem, a Pa\u0144stwo sprzeciwiacie si\u0119 usuni\u0119ciu danych osobowych, \u017c\u0105daj\u0105c w zamian ograniczenia ich wykorzystywania,<\/li>\n\n\n\n<li>Administrator nie potrzebuje ju\u017c danych osobowych do cel\u00f3w przetwarzania, ale s\u0105 one Pa\u0144stwu potrzebne do ustalenia, dochodzenia lub obrony roszcze\u0144,<\/li>\n\n\n\n<li>wnie\u015bli\u015bcie Pa\u0144stwo sprzeciw na mocy art. 21 ust. 1 wobec przetwarzania \u2013 do czasu stwierdzenia, czy prawnie uzasadnione podstawy po stronie administratora s\u0105 nadrz\u0119dne wobec podstaw sprzeciwu.<\/li>\n<\/ul>\n\n\n\n<ol class=\"wp-block-list\">\n<li>Prawo do wniesienia sprzeciwu wobec przetwarzania<br>Je\u017celi Pa\u0144stwa dane osobowe s\u0105 przetwarzane na podstawie prawnie uzasadnionego interesu administratora, maj\u0105 Pa\u0144stwo prawo do sprzeciwu w dowolnym czasie wobec przetwarzania, zgodnie z art. 21 RODO.<\/li>\n\n\n\n<li>Prawo do wycofania zgody (art. 7 ust. 3 RODO)<\/li>\n<\/ol>\n\n\n\n<ul class=\"wp-block-list\">\n<li>Maj\u0105 Pa\u0144stwo prawo do wycofania wyra\u017conej zgody na przetwarzanie danych<br>osobowych w dowolnej chwili. Odwo\u0142anie zgody na przetwarzanie danych nie b\u0119dzie mia\u0142o wp\u0142ywu na zgodno\u015b\u0107 z prawem przetwarzania, kt\u00f3rego dokonano przed jej wycofaniem.<\/li>\n\n\n\n<li>Je\u015bli chc\u0105 Pa\u0144stwo skorzysta\u0107 z przys\u0142uguj\u0105cych Pa\u0144stwu praw prosimy o przes\u0142anie do nas wiadomo\u015bci e-mail na adres Administratora danych lub poczt\u0105 tradycyjn\u0105 na adres Administratora.<\/li>\n<\/ul>\n\n\n\n<ol class=\"wp-block-list\">\n<li>Bezpiecze\u0144stwo danych osobowych dla Administratora jest priorytetem, je\u015bli jednak uznaj\u0105 Pa\u0144stwo, \u017ce przetwarzaj\u0105c Pa\u0144stwa dane osobowe Administrator narusza przepisy RODO, maj\u0105 Pa\u0144stwo prawo wniesienia skargi do Prezesa Urz\u0119du Ochrony Danych Osobowych.\n<ol start=\"9\" class=\"wp-block-list\">\n<li>W sytuacji wyst\u0105pienia przez U\u017cytkownika z uprawnieniem wynikaj\u0105cym<br>z powy\u017cszych praw, Administrator spe\u0142nia \u017c\u0105danie albo odmawia jego spe\u0142nienia<br>niezw\u0142ocznie, nie p\u00f3\u017aniej jednak ni\u017c w ci\u0105gu miesi\u0105ca po jego otrzymaniu. Je\u017celi<br>jednak Administrator nie b\u0119dzie m\u00f3g\u0142 spe\u0142ni\u0107 \u017c\u0105dania w ci\u0105gu miesi\u0105ca, spe\u0142ni je<br>w ci\u0105gu kolejnych dw\u00f3ch miesi\u0119cy informuj\u0105c U\u017cytkownika uprzednio w terminie<br>miesi\u0105ca od otrzymania \u017c\u0105dania \u2013 o zamierzonym przed\u0142u\u017ceniu terminu oraz jego<br>przyczynach.<\/li>\n\n\n\n<li>U\u017cytkownik mo\u017ce zg\u0142asza\u0107 do Administratora skargi, zapytania i wnioski<br>dotycz\u0105ce przetwarzania jego danych osobowych oraz realizacji przys\u0142uguj\u0105cych<br>mu uprawnie\u0144.<\/li>\n\n\n\n<li>U\u017cytkownik ma prawo \u017c\u0105da\u0107 od Administratora przekazania kopii standardowych<br>klauzul umownych kieruj\u0105c zapytanie.<\/li>\n<\/ol>\n<\/li>\n\n\n\n<li>Wybrane metody ochrony danych stosowane przez Administratora<\/li>\n\n\n\n<li>Miejsca logowania i wprowadzania danych osobowych s\u0105 chronione w warstwie transmisji (certyfikat SSL). Dzi\u0119ki temu dane osobowe i dane logowania, wprowadzone na stronie, zostaj\u0105 zaszyfrowane w komputerze u\u017cytkownika i mog\u0105 by\u0107 odczytane jedynie na docelowym serwerze.<\/li>\n\n\n\n<li>Dane osobowe przechowywane w bazie danych s\u0105 zaszyfrowane w taki spos\u00f3b, \u017ce jedynie posiadaj\u0105cy Operator klucz mo\u017ce je odczyta\u0107. Dzi\u0119ki temu dane s\u0105 chronione na wypadek wykradzenia bazy danych z serwera.<\/li>\n\n\n\n<li>Operator okresowo zmienia swoje has\u0142a administracyjne.<\/li>\n\n\n\n<li>W celu ochrony danych Operator regularnie wykonuje kopie bezpiecze\u0144stwa.<\/li>\n\n\n\n<li>Istotnym elementem ochrony danych jest regularna aktualizacja wszelkiego oprogramowania, wykorzystywanego przez Operatora do przetwarzania danych osobowych, co w szczeg\u00f3lno\u015bci oznacza regularne aktualizacje komponent\u00f3w programistycznych.\n<ol start=\"7\" class=\"wp-block-list\">\n<li>Informacje o sposobie wykorzystania danych osobowych<\/li>\n<\/ol>\n<\/li>\n<\/ol>\n\n\n\n<p>W niekt\u00f3rych sytuacjach Administrator ma prawo przekazywa\u0107 Pa\u0144stwa dane osobowe innym odbiorcom, je\u015bli b\u0119dzie to niezb\u0119dne do wykonania zawartej z Pa\u0144stwem umowy lub do zrealizowania obowi\u0105zk\u00f3w ci\u0105\u017c\u0105cych na Administratorze. Dotyczy to nast\u0119puj\u0105cych grup odbiorc\u00f3w:<\/p>\n\n\n\n<p>Operator stosuje rozwi\u0105zanie automatyzuj\u0105ce dzia\u0142anie Serwisu w odniesieniu do u\u017cytkownik\u00f3w, np. mog\u0105ce przes\u0142a\u0107 maila do u\u017cytkownika po odwiedzeniu konkretnej podstrony, o ile wyrazi\u0142 on zgod\u0119 na otrzymywanie korespondencji handlowej od Operatora.<\/p>\n\n\n\n<p>kurierzy<\/p>\n\n\n\n<p>firma hostingowa na zasadzie powierzenia<\/p>\n\n\n\n<p>operatorzy p\u0142atno\u015bci<\/p>\n\n\n\n<p>banki<\/p>\n\n\n\n<p>upowa\u017cnieni pracownicy i wsp\u00f3\u0142pracownicy, kt\u00f3rzy korzystaj\u0105 z danych w celu realizacji dzia\u0142ania strony<\/p>\n\n\n\n<p>firmy \u015bwiadcz\u0105ce us\u0142ugi marketingu na rzecz Administratora.<\/p>\n\n\n\n<p>Cele wykorzystywania danych osobowych<\/p>\n\n\n\n<p>Serwis wykorzystuje dane osobowe dodatkowo w nast\u0119puj\u0105cych celach:<br>a. Obs\u0142uga zapyta\u0144 przez formularz<br>b. Przygotowanie, pakowanie, wysy\u0142ka towar\u00f3w<br>c. Realizacja zam\u00f3wionych us\u0142ug<br>d. Prowadzenie newslettera.<\/p>\n\n\n\n<p>Serwis realizuje funkcje pozyskiwania informacji o u\u017cytkownikach i ich zachowaniu w nast\u0119puj\u0105cy spos\u00f3b:<br>a) poprzez dobrowolnie wprowadzone w formularzach dane, kt\u00f3re zostaj\u0105 wprowadzone do system\u00f3w Operatora.<br>b) poprzez zapisywanie w urz\u0105dzeniach ko\u0144cowych plik\u00f3w cookie (tzw.<br>\u201eciasteczka\u201d).<\/p>\n\n\n\n<p>Istotne techniki marketingowe<\/p>\n\n\n\n<p>Operator stosuje analiz\u0119 statystyczn\u0105 ruchu na stronie, poprzez Google Analytics (Google Inc. z siedzib\u0105 w USA). Operator nie przekazuje do operatora tej us\u0142ugi danych osobowych, a jedynie zanonimizowane informacje. Us\u0142uga bazuje na wykorzystaniu ciasteczek w urz\u0105dzeniu ko\u0144cowym u\u017cytkownika. W zakresie informacji o preferencjach u\u017cytkownika gromadzonych przez sie\u0107 reklamow\u0105 Google u\u017cytkownik mo\u017ce przegl\u0105da\u0107 i edytowa\u0107 informacje wynikaj\u0105ce z plik\u00f3w cookies przy pomocy narz\u0119dzia: https:\/\/www.google.com\/ads\/preferences\/<\/p>\n\n\n\n<p>Operator stosuje techniki remarketingowe, pozwalaj\u0105ce na dopasowanie przekaz\u00f3w reklamowych do zachowania u\u017cytkownika na stronie, co mo\u017ce dawa\u0107 z\u0142udzenie, \u017ce dane osobowe u\u017cytkownika s\u0105 wykorzystywane do jego \u015bledzenia, jednak w praktyce nie dochodzi do przekazania \u017cadnych danych osobowych od Operatora do operatorom reklam. Technologicznym warunkiem takich dzia\u0142a\u0144 jest w\u0142\u0105czona obs\u0142uga plik\u00f3w cookie.<\/p>\n\n\n\n<p>Operator stosuje korzysta z piksela Facebooka. Ta technologia powoduje, \u017ce serwis Facebook (Facebook Inc. z siedzib\u0105 w USA) wie, \u017ce dana osoba w nim zarejestrowana korzysta z Serwisu. Bazuje w tym wypadku na danych, wobec kt\u00f3rych sam jest administratorem, Operator nie przekazuje od siebie \u017cadnych dodatkowych danych osobowych serwisowi Facebook. Us\u0142uga bazuje na wykorzystaniu ciasteczek w urz\u0105dzeniu ko\u0144cowym u\u017cytkownika.<\/p>\n","protected":false},"excerpt":{"rendered":"<p>Niniejsza Polityka Prywatno\u015bci okre\u015bla zasady przetwarzania danych osobowych pozyskanych za po\u015brednictwem Serwisu internetowego https:\/\/mojzaufanymentor.pl (zwanego dalej: \u201eSerwisem Internetowym\u201d). Dane osobowe Pa\u0144stwa mog\u0105 by\u0107 przetwarzane przez Administratora na podstawie:a) niezb\u0119dno\u015bci do wykonania umowy lub do podj\u0119cia dzia\u0142a\u0144 przed jej zawarciem (art. 6 ust. 1 lit. b RODO),b) zgody (art. 6 ust. 1 lit. a RODO), w [&hellip;]<\/p>\n","protected":false},"author":1,"featured_media":0,"parent":0,"menu_order":0,"comment_status":"closed","ping_status":"closed","template":"","meta":{"footnotes":""},"class_list":["post-157","page","type-page","status-publish","hentry"],"_links":{"self":[{"href":"https:\/\/mojzaufanymentor.pl\/index.php\/wp-json\/wp\/v2\/pages\/157","targetHints":{"allow":["GET"]}}],"collection":[{"href":"https:\/\/mojzaufanymentor.pl\/index.php\/wp-json\/wp\/v2\/pages"}],"about":[{"href":"https:\/\/mojzaufanymentor.pl\/index.php\/wp-json\/wp\/v2\/types\/page"}],"author":[{"embeddable":true,"href":"https:\/\/mojzaufanymentor.pl\/index.php\/wp-json\/wp\/v2\/users\/1"}],"replies":[{"embeddable":true,"href":"https:\/\/mojzaufanymentor.pl\/index.php\/wp-json\/wp\/v2\/comments?post=157"}],"version-history":[{"count":2,"href":"https:\/\/mojzaufanymentor.pl\/index.php\/wp-json\/wp\/v2\/pages\/157\/revisions"}],"predecessor-version":[{"id":184,"href":"https:\/\/mojzaufanymentor.pl\/index.php\/wp-json\/wp\/v2\/pages\/157\/revisions\/184"}],"wp:attachment":[{"href":"https:\/\/mojzaufanymentor.pl\/index.php\/wp-json\/wp\/v2\/media?parent=157"}],"curies":[{"name":"wp","href":"https:\/\/api.w.org\/{rel}","templated":true}]}}